-2). Suppose 22 = j + j. What is the highest common divisor of j and b?
11
Let r(x) = -x**2 + x + 18. Let d be r(0). Suppose 25 = 3*q + 4*f - 2, 2*q - 5*f = d. Suppose 0*u = -u + 1. Calculate the greatest common factor of q and u.
1
Let b(w) = 30*w. Let x be b(2). Let g = x + 11. Let y = g + -37. Calculate the greatest common factor of y and 17.
17
Let w be (-2 - -2)/(-2) + 2. Suppose 5*y - a - w*a - 15 = 0, 2*y - 3*a = 15. Suppose y*k + 3*k - 126 = 0. Calculate the greatest common factor of k and 6.
6
Let d be 1/((-7)/(-1927)) - 30/105. Calculate the highest common divisor of d and 25.
25
Let n = 122 - 26. What is the highest common factor of 24 and n?
24
Let k = 8 + 19. Suppose 3 - 6 = -a. Calculate the highest common factor of a and k.
3
Let f = -3 - -11. Let g be f/(-10)*(-86 - -1). Let l = g + -33. Calculate the greatest common factor of 14 and l.
7
Suppose 0 = 10*d - d - 189. What is the greatest common divisor of 6 and d?
3
Suppose 0 = 3*c - 5*n - 26, 2*c - 4*n = 17 - 1. Suppose 4*j = -3*x + x + 34, 2*j - 18 = -2*x. What is the greatest common divisor of j and c?
4
Suppose 4*v = -0*v + 800. Calculate the greatest common factor of v and 20.
20
Let q = 573 + -232. Suppose -3*l = -4*p - 85, 4*l = 2*l - p + 64. What is the highest common divisor of q and l?
31
Suppose 4*g - 65 = 7. Suppose -2*z + 14 = 4*r, -5*r + 4*z + 5 = 9*z. Calculate the greatest common divisor of g and r.
6
Suppose -5*s + 63 - 3 = 0. Suppose 2*i - 2*m + 330 = 5*i, 3*m = 3*i - 315. Calculate the greatest common divisor of i and s.
12
Let s(h) be the first derivative of h**2/2 + 1. Let j be s(2). Calculate the greatest common factor of 2 and j.
2
Let h be (-16)/(-3*(-2)/(-36)). What is the greatest common divisor of h and 6?
6
Let b(n) = -n**3 - 8*n**2 - 15*n - 21. Let l be b(-7). What is the greatest common factor of 5 and l?
5
Suppose 42 = 2*j + 4*p, -4*j + 4*p + 18 = -2*j. Calculate the greatest common factor of 3 and j.
3
Suppose 4*y - 3 = 1. Let p be y/(316/104 + -3). Calculate the highest common factor of p and 65.
13
Let b(t) = -t**3 + 1. Let w be b(-3). Let l(j) = -j**2 - 2*j. Let c be l(-3). Let p be (-2)/c - (-19)/3. Calculate the highest common factor of p and w.
7
Let d(g) be the second derivative of 2*g**3/3 + 3*g**2 + g. Let u be d(3). What is the highest common divisor of 198 and u?
18
Let r be ((-5)/(-20))/(4/32). What is the greatest common factor of r and 8?
2
Let y(v) = 3*v**2 - 2*v. Let a be y(2). What is the greatest common divisor of 88 and a?
8
Suppose -x + 0*g - 5 = 2*g, -1 = 3*x - g. Let j be (51 - (2 + x))/2. Calculate the greatest common divisor of 10 and j.
5
Let v(d) = d**3 + 19*d**2 - 2*d + 1. Let r be v(-19). Calculate the greatest common divisor of 13 and r.
13
Suppose 3*a + 0*a - 378 = 0. Let l = 4 - -14. Calculate the highest common factor of a and l.
18
Let p = -6 - -10. Suppose 0 = -0*b - p*b + 360. What is the greatest common divisor of 10 and b?
10
Let j(t) = t**2 - 1. Let o be j(7). Calculate the greatest common divisor of o and 24.
24
Suppose 3*v - 2*b = 60 + 72, 2*v + 5*b = 88. Calculate the highest common divisor of 22 and v.
22
Let d(q) = q + 48. Let w be d(-12). Calculate the highest common divisor of w and 48.
12
Let u = 3 - 0. Suppose -2*o - 20 = -4*r, -r + 6 = u*r + 5*o. Suppose 0*f + f + 33 = 2*k, -r*k - 5*f + 87 = 0. Calculate the highest common divisor of k and 9.
9
Suppose -3*y = -c - 4, -5*c + 3 = -3*y - 1. Suppose -2*r + 85 = 3*r + 5*v, -95 = -5*r - 3*v. What is the greatest common divisor of c and r?
2
Let a = -10 + 22. Suppose -3*u - u = -a. Let f be (-8)/u*6/(-4). Calculate the highest common factor of f and 12.
4
Let h = 1 - 0. Let b be (2/(-2) - -72) + h. Suppose 5*y - 40 - 84 = -2*r, 5*y = -4*r + 128. Calculate the greatest common factor of y and b.
24
Suppose -2*l + 114 = 3*l + 2*k, -58 = -3*l + 4*k. Let i = l + -12. Suppose -32 = -5*x + 4*r, r - i = 3*x - 4*x. What is the greatest common divisor of 2 and x?
2
Suppose -2*w = 4, -2*o - 3*w - 1 = -o. Suppose 2*p - 26 = -2*h, 3*p + o*h = -p + 57. Calculate the greatest common factor of p and 88.
8
Let a be ((-80)/50)/((-4)/10). Suppose 7 = -3*k + a*k. What is the highest common factor of 1 and k?
1
Let q be (-1480)/(-35) - 2/7. Suppose -6 = -4*u + q. Let t = 62 - 2. Calculate the greatest common divisor of t and u.
12
Let h = -3 - -13. Suppose 0 = 2*y - 0 - h. What is the highest common divisor of y and 45?
5
Let q be (3 - 3/6)*2. Let p = q + -3. Let t be (-34)/(-9) - p/(-9). Calculate the greatest common factor of t and 10.
2
Let a = 8 - 4. Suppose 0 = -a*x + 7 + 13. Suppose 3*g = x*s + 24 + 129, -5*s = -5*g + 265. What is the greatest common divisor of g and 14?
14
Let f be (-372)/5 - (-8)/20. Let b = f + 104. Let q be 0 + 9 + 2 + -1. Calculate the highest common divisor of b and q.
10
Let v(g) = g**2 - 1. Let c be v(-1). Suppose c*u + 5*m + 135 = -4*u, u + 3*m + 39 = 0. Let d = u + 102. Calculate the highest common factor of d and 9.
9
Let t = 1 + 41. What is the greatest common factor of 294 and t?
42
Let b be (-209)/(-33) + (8/(-6))/(-2). Let j be 1/(-2)*(-28)/2. Calculate the highest common divisor of b and j.
7
Suppose 5*k = 2*k + 420. Calculate the highest common factor of 56 and k.
28
Let a(i) be the third derivative of 4*i**2 + 1/15*i**6 + 0*i - 1/60*i**5 + 1/6*i**3 + 0 + 0*i**4. Let c be a(1). What is the greatest common factor of 40 and c?
8
Suppose -9*a + 3*a + 12 = 0. Calculate the highest common factor of 8 and a.
2
Let z be (10/3)/(2/3). Let u = z - -3. Let a(n) = 3*n**2 - 5*n + 4. Let y be a(4). What is the greatest common divisor of y and u?
8
Suppose d - 2 = 6. Suppose -5*i + 30 - 6 = -y, 0 = -y - 4. Let t(o) = o**2 + o + 4. Let f be t(i). What is the highest common divisor of f and d?
8
Let t(d) = -d**3 + 5*d**2 + 2*d - 11. Let x be t(4). Calculate the greatest common factor of x and 130.
13
Let r(s) = 2*s - 5. Let v be r(4). Suppose v*t = 1 + 239. Suppose 3*j + 5*z = z + 48, -5*z = 3*j - 48. Calculate the greatest common factor of j and t.
16
Suppose 32 = 8*g - 6*g. Calculate the greatest common factor of 40 and g.
8
Let m(p) = 66*p. Let z be m(1). Let s(k) = -3*k - 3. Let c be s(-3). Calculate the highest common divisor of z and c.
6
Suppose -12*m - 192 = -14*m. Calculate the greatest common divisor of m and 12.
12
Suppose -28 = -v + 3*v. Let a be 9*7/(v/(-4)). Let q = 11 + 7. What is the greatest common factor of a and q?
18
Let k(d) = -4*d - 4. Let p be k(-2). What is the highest common divisor of 16 and p?
4
Let x = 17 + -1. Let c(m) = m**3 - 2*m**2 - 22*m + 12. Let h be c(6). What is the greatest common divisor of h and x?
8
Let l = 39 + 33. Calculate the greatest common factor of l and 36.
36
Let m = 12 - -177. What is the highest common factor of m and 27?
27
Suppose -2*z = -4*x - 18, z - 4 + 1 = -x. Calculate the greatest common divisor of 20 and z.
5
Let v(w) = -w**3 - 9*w**2 - 5. Let p be v(-9). Let z(r) = -r**3 - 4*r**2 + r - 2. Let g be z(p). Calculate the greatest common factor of g and 6.
6
Let q = -6 + 11. Let z(x) = -x**3 - 13*x**2 + 31*x + 20. Let b be z(-15). What is the highest common factor of b and q?
5
Let m(r) = -r**3 - 7*r**2 - 5*r + 12. Let j be m(-6). Calculate the greatest common factor of 30 and j.
6
Let a = -122 + 172. Suppose -5*u = -0*u - a. What is the highest common divisor of 10 and u?
10
Let o(i) = -i**3 + 4*i**2 + 3. Let w be o(3). What is the highest common factor of 72 and w?
12
Let h be ((-5)/(10/3) + 2)*24. What is the highest common factor of 66 and h?
6
Let b(n) = -2 - 8 + n + 2 + n. Let f be b(6). Calculate the highest common divisor of f and 4.
4
Suppose 0 = 3*v + 4*w - 43, 0 = -v + 4*w - 7*w + 6. What is the greatest common factor of 7 and v?
7
Suppose -4*f - 27 - 37 = 2*p, -4*f = p + 62. Let m = f + 18. What is the greatest common factor of m and 30?
3
Let v = 18 - 13. Let s be 2/v - (-189)/15. What is the greatest common factor of s and 104?
13
Suppose 0*t - 4 = -2*t. Suppose 4*j - 458 = -t*o + 7*o, 5*o - 214 = -2*j. What is the greatest common divisor of j and 16?
16
Suppose f + 1 + 2 = 0. Let h = f - 10. Let n = h - -28. What is the greatest common divisor of 45 and n?
15
Let n be (12/(-18))/(2/(-21)). Let s be -62 + -2 - (-2)/2. Let i = s - -91. What is the highest common divisor of i and n